se 14) to base 11
29
Convert 3 (base 7) to base 6.
3
What is 101 (base 3) in base 11?
a
Convert 1 (base 8) to base 2.
1
-1 (base 4) to base 6
-1
Convert 102 (base 3) to base 10.
11
Convert 39 (base 11) to base 6.
110
What is -121 (base 10) in base 12?
-a1
What is 30 (base 11) in base 9?
36
-8 (base 14) to base 6
-12
Convert 2220 (base 3) to base 10.
78
What is -122 (base 9) in base 16?
-65
Convert 3 (base 8) to base 9.
3
What is 3 (base 11) in base 13?
3
Convert 10 (base 7) to base 8.
7
44 (base 16) to base 5
233
What is 20 (base 4) in base 9?
8
0 (base 4) to base 10
0
What is -2 (base 11) in base 7?
-2
Convert b (base 16) to base 12.
b
What is -47 (base 12) in base 8?
-67
1b (base 14) to base 16
19
1 (base 10) to base 14
1
What is 100 (base 7) in base 15?
34
What is 3 (base 14) in base 15?
3
3 (base 5) to base 2
11
22 (base 7) to base 14
12
1 (base 11) to base 2
1
What is 220 (base 3) in base 10?
24
What is 5 (base 9) in base 5?
10
What is -11 (base 5) in base 9?
-6
Convert -7 (base 11) to base 4.
-13
Convert 3 (base 14) to base 12.
3
What is 0 (base 10) in base 6?
0
-100 (base 3) to base 4
-21
What is -3 (base 9) in base 7?
-3
What is 204 (base 7) in base 8?
146
27 (base 13) to base 16
21
What is 2011 (base 3) in base 10?
58
What is -1 (base 10) in base 3?
-1
What is -131 (base 7) in base 4?
-1013
Convert 1000 (base 2) to base 9.
8
-20 (base 11) to base 4
-112
Convert 221 (base 6) to base 16.
55
Convert 0 (base 14) to base 13.
0
What is 3 (base 9) in base 13?
3
What is -4 (base 9) in base 15?
-4
-b (base 15) to base 11
-10
What is -12002 (base 3) in base 8?
-211
Convert 4 (base 15) to base 2.
100
111 (base 7) to base 8
71
0 (base 16) to base 11
0
What is -4 (base 16) in base 2?
-100
Convert 1b (base 15) to base 2.
11010
What is 55 (base 6) in base 3?
1022
What is 4 (base 12) in base 16?
4
What is 300 (base 4) in base 5?
143
0 (base 9) to base 10
0
Convert 36 (base 10) to base 3.
1100
Convert 9 (base 12) to base 11.
9
c7 (base 13) to base 7
322
Convert 2 (base 5) to base 8.
2
What is 0 (base 7) in base 9?
0
Convert -11 (base 2) to base 14.
-3
5 (base 13) to base 3
12
23 (base 11) to base 14
1b
What is 0 (base 14) in base 2?
0
What is -71 (base 9) in base 8?
-100
Convert -3 (base 9) to base 3.
-10
11 (base 5) to base 4
12
What is 28 (base 9) in base 5?
101
-24 (base 8) to base 15
-15
What is 2 (base 10) in base 11?
2
Convert -9a (base 15) to base 6.
-401
139 (base 13) to base 2
11011001
What is 0 (base 4) in base 15?
0
Convert 4 (base 14) to base 9.
4
Convert 1 (base 9) to base 7.
1
Convert -21 (base 5) to base 4.
-23
What is 42 (base 8) in base 10?
34
Convert 30 (base 9) to base 2.
11011
-3 (base 11) to base 2
-11
Convert -2 (base 12) to base 11.
-2
6 (base 16) to base 14
6
Convert -14 (base 9) to base 16.
-d
Convert 25 (base 16) to base 12.
31
What is 21 (base 6) in base 9?
14
What is b2 (base 12) in base 10?
134
Convert -32 (base 6) to base 3.
-202
What is 68 (base 12) in base 16?
50
3 (base 8) to base 11
3
-d (base 15) to base 9
-14
417 (base 9) to base 6
1324
17 (base 10) to base 2
10001
What is 0 (base 4) in base 9?
0
Convert -d (base 14) to base 9.
-14
-10101 (base 2) to base 7
-30
Convert -1 (base 2) to base 8.
-1
Convert 1210 (base 3) to base 6.
120
Convert -5 (base 15) to base 9.
-5
What is -111 (base 12) in base 11?
-133
7e (base 16) to base 5
1001
Convert 1 (base 4) to base 8.
1
-3 (base 11) to base 2
-11
Convert -10 (base 10) to base 6.
-14
Convert -1103 (base 5) to base 9.
-180
What is -55 (base 7) in base 14?
-2c
Convert -4a (base 12) to base 5.
-213
Convert -52 (base 12) to base 8.
-76
What is -6 (base 11) in base 13?
-6
-22 (base 16) to base 3
-1021
Convert -263 (base 9) to base 15.
-e9
What is -3 (base 9) in base 10?
-3
Convert 3 (base 8) to base 12.
3
What is -10 (base 16) in base 8?
-20
Convert -104 (base 5) to base 9.
-32
-1 (base 9) to base 16
-1
What is 11011010 (base 2) in base 14?
118
What is -227 (base 11) in base 8?
-417
What is -1010 (base 2) in base 6?
-14
Convert -32 (base 14) to base 11.
-40
What is 4 (base 14) in base 9?
4
5 (base 11) to base 4
11
Convert -2110 (base 3) to base 14.
-4a
What is 0 (base 3) in base 9?
0
Convert 34 (base 10) to base 5.
114
21 (base 6) to base 8
15
Convert c0 (base 15) to base 9.
220
-35 (base 10) to base 14
-27
-121 (base 3) to base 15
-11
Convert -3102 (base 4) to base 12.
-156
What is 3 (base 8) in base 13?
3
What is 97 (base 13) in base 6?
324
What is -57 (base 13) in base 6?
-200
What is 49 (base 14) in base 7?
122
10 (base 3) to base 16
3
Convert -44 (base 13) to base 8.
-70
Convert 1b (base 14) to base 12.
21
What is 1020 (base 3) in base 5?
113
What is -6 (base 14) in base 3?
-20
What is -48 (base 10) in base 9?
-53
What is 3 (base 7) in base 14?
3
What is 0 (base 2) in base 8?
0
-3 (base 9) to base 15
-3
Convert 33 (base 13) to base 16.
2a
What is 193 (base 10) in base 16?
c1
Convert -22 (base 9) to base 2.
-10100
-52 (base 11) to base 15
-3c
Convert 1a (base 14) to base 12.
20
Convert 12 (base 8) to base 6.
14
What is 23 (base 13) in base 12?
25
What is -1001 (base 4) in base 3?
-2102
What is 64 (base 7) in base 5?
141
60 (base 10) to base 14
44
What is 4 (base 9) in base 12?
4
What is -4f (base 16) in base 6?
-211
Convert -165 (base 7) to base 16.
-60
Convert 10 (base 2) to base 3.
2
What is -75 (base 9) in base 12?
-58
35 (base 6) to base 9
25
70 (base 8) to base 11
51
Convert 2 (base 10) to base 16.
2
Convert 2122 (base 3) to base 4.
1013
What is 22 (base 3) in base 15?
8
What is 136 (base 10) in base 14?
9a
121 (base 3) to base 15
11
-1 (base 8) to base 6
-1
Convert -2 (base 6) to base 13.
-2
What is 9 (base 16) in base 4?
21
-1 (base 5) to base 2
-1
What is 100100 (base 2) in base 12?
30
What is -2 (base 9) in base 4?
-2
-34 (base 10) to base 7
-46
Convert 113 (base 4) to base 11.
21
What is 6 (base 7) in base 2?
110
110 (base 2) to base 8
6
2 (base 6) to base 8
2
What is -54 (base 6) in base 2?
-100010
-132 (base 6) to base 8
-70
Convert 5d (base 14) to base 16.
53
-8 (base 9) to base 13
-8
30 (base 8) to base 4
120
What is 244 (base 8) in base 3?
20002
Convert 3 (base 11) to base 5.
3
Convert 141 (base 5) to base 9.
51
2 (base 4) to base 8
2
-11 (base 9) to base 11
-a
11010001 (base 2) to base 6
545
Convert 7 (base 14) to base 11.
7
What is 2 (base 5) in base 9?
2
77 (base 8) to base 15
43
-1a (base 11) to base 14
-17
15 (base 7) to base 4
30
Convert 43 (base 6) to base 8.
33
Convert -1 (base 9) to base 6.
-1
Convert -34 (base 11) to base 9.
-41
What is -11020 (base 3) in base 9?
-136
-6 (base 8) to base 12
-6
Convert 68 (base 13) to base 4.
1112
b (base 12) to base 14
b
What is -e (base 15) in base 6?
-22
Convert 2 (base 6) to base 11.
2
Convert -100 (base 3) to base 5.
-14
What is -100 (base 2) in base 9?
-4
-1111010 (base 2) to base 14
-8a
Convert -4d (base 14) to base 4.
-1011
-17 (base 10) to base 13
-14
What is -103 (base 5) in base 15?
-1d
Convert -1133 (base 5) to base 4.
-2220
-1 (base 11) to base 16
-1
Convert -140 (base 8) to base 6.
-240
Convert 17 (base 9) to base 15.
11
Convert 53 (base 16) to base 13.
65
Convert 11 (base 5) to base 9.
6
Convert -4 (base 14) to base 2.
-100
Convert -103 (base 5) to base 2.
-11100
10220 (base 3) to base 8
151
What is -10 (base 4) in base 15?
-4
Convert 5 (base 13) to base 14.
5
Convert 1110 (base 2) to base 15.
e
What is -30 (base 5) in base 6?
-23
What is -2 (base 14) in base 12?
-2
1d (base 14) to base 2
11011
Convert -21 (base 6) to base 14.
-d
Convert 31 (base 8) to base 2.
11001
Convert 1351 (base 6) to base 12.
257
Convert 54 (base 7) to base 11.
36
-2 (base 8) to base 10
-2
Convert -11 (base 2) to base 10.
-3
Convert 9d (base 15) to base 9.
174
-3 (base 9) to base 3
-10
-b (base 16) to base 14
-b
What is -13 (base 8) in base 5?
-21
100 (base 10) to base 7
202
21 (base 10) to base 12
19
What is -84 (base 15) in base 16?
-7c
-57 (base 11) to base 14
-46
Convert 80 (base 13) to base 16.
68
What is 104 (base 7) in base 15?
38
Convert 60 (base 13) to base 11.
71
Convert -7 (base 12) to base 7.
-10
What is 5 (base 6) in base 7?
5
What is 229 (base 11) in base 2?
100010001
Convert 2 (base 15) to base 10.
2
-8 (base 10) to base 6
-12
What is 5 (base 13) in base 9?
5
Convert -39 (base 12) to base 14.
-33
Convert -17 (